5.
541
Calculate the greatest common divisor of 196 and 26803.
49
What is the greatest common divisor of 1254 and 64866?
114
What is the highest common divisor of 144156 and 12?
12
What is the greatest common factor of 1154 and 2043157?
577
Calculate the greatest common factor of 832626 and 513.
27
Calculate the highest common factor of 28805 and 8015.
35
What is the greatest common divisor of 99 and 145497?
33
Calculate the greatest common factor of 178827 and 12.
3
What is the highest common factor of 1120495 and 2325?
155
What is the highest common factor of 1548165 and 435?
435
Calculate the highest common divisor of 2376 and 310608.
216
What is the greatest common divisor of 6 and 55038?
6
Calculate the highest common divisor of 308 and 710017.
77
What is the greatest common factor of 359388 and 138123?
1341
Calculate the highest common divisor of 7692 and 60.
12
Calculate the highest common factor of 57 and 52617.
3
Calculate the greatest common divisor of 30333 and 6.
3
What is the highest common factor of 313008 and 96?
48
What is the greatest common divisor of 864309 and 2379?
183
What is the greatest common divisor of 30 and 786?
6
What is the highest common factor of 494 and 962?
26
Calculate the greatest common divisor of 117 and 13077.
9
Calculate the greatest common factor of 10153 and 3432.
143
What is the greatest common divisor of 8113 and 38?
19
Calculate the highest common factor of 2704 and 40053.
169
What is the greatest common divisor of 5356 and 2476?
4
What is the highest common factor of 46 and 58972?
46
Calculate the greatest common factor of 5 and 24050.
5
What is the greatest common divisor of 30864 and 48?
48
Calculate the highest common divisor of 1648 and 2848.
16
What is the greatest common factor of 514 and 125930?
514
What is the greatest common divisor of 1664 and 2909504?
832
What is the greatest common divisor of 58 and 9199728?
58
What is the highest common divisor of 378471 and 246?
123
What is the highest common factor of 921728 and 128?
128
Calculate the highest common factor of 242025 and 30450.
525
Calculate the greatest common divisor of 132990 and 135.
15
What is the greatest common divisor of 8024 and 56?
8
Calculate the greatest common divisor of 13314 and 7925.
317
What is the greatest common factor of 596 and 1693981?
149
Calculate the greatest common factor of 6489 and 2646.
63
What is the greatest common divisor of 24373 and 1?
1
What is the greatest common factor of 470 and 16967?
47
Calculate the highest common factor of 11480 and 410.
410
What is the greatest common divisor of 50641 and 1958?
89
Calculate the greatest common factor of 28 and 2618098.
14
Calculate the greatest common factor of 306 and 25614.
18
Calculate the highest common divisor of 33695 and 69.
23
Calculate the greatest common factor of 18280 and 280.
40
Calculate the greatest common divisor of 67410 and 15.
15
What is the highest common factor of 29353 and 1379?
197
What is the greatest common divisor of 166395 and 45?
15
What is the highest common divisor of 66 and 252406?
22
Calculate the greatest common factor of 569 and 3332633.
569
What is the highest common divisor of 1788570 and 2520?
630
What is the highest common divisor of 240 and 6648?
24
What is the highest common factor of 10283 and 1365?
91
What is the highest common divisor of 80295 and 2385?
795
Calculate the greatest common factor of 1349 and 848450.
71
What is the greatest common divisor of 4312 and 82544?
616
Calculate the highest common factor of 2427 and 24.
3
What is the greatest common divisor of 567 and 6723?
81
What is the highest common factor of 20473 and 118?
59
Calculate the highest common divisor of 1656 and 1440.
72
What is the highest common divisor of 2 and 18167?
1
Calculate the highest common divisor of 4 and 1642964.
4
Calculate the greatest common factor of 2706811 and 914.
457
What is the highest common factor of 190784 and 88?
88
What is the greatest common factor of 945256 and 1976?
104
What is the greatest common factor of 1633 and 5680?
71
Calculate the highest common divisor of 71480 and 200.
40
What is the greatest common divisor of 165 and 387255?
165
Calculate the greatest common divisor of 3052 and 124.
4
What is the highest common divisor of 5345 and 10?
5
What is the highest common divisor of 5908076 and 776?
388
What is the highest common factor of 446 and 316214?
446
What is the highest common divisor of 6 and 638022?
6
What is the highest common divisor of 70 and 11410?
70
Calculate the greatest common divisor of 45826 and 6.
2
Calculate the highest common divisor of 556752 and 1176.
168
What is the greatest common divisor of 37060 and 1700?
340
Calculate the greatest common factor of 22 and 8129.
11
What is the highest common divisor of 112885 and 1712?
107
What is the highest common factor of 216292 and 644?
92
Calculate the highest common divisor of 171831 and 55.
11
What is the greatest common factor of 195 and 1470?
15
Calculate the greatest common factor of 1243312 and 16.
16
Calculate the greatest common factor of 831565 and 805.
805
What is the highest common divisor of 266 and 25042?
38
What is the greatest common factor of 1275 and 3525?
75
Calculate the greatest common factor of 1057160 and 494.
494
What is the greatest common factor of 32922 and 7552?
118
Calculate the greatest common factor of 43 and 53707.
43
What is the greatest common factor of 34459 and 1819?
17
What is the greatest common divisor of 720 and 803360?
80
What is the highest common factor of 111798 and 54?
18
Calculate the highest common factor of 957 and 1760.
11
What is the highest common divisor of 92 and 6453156?
92
What is the highest common factor of 28176 and 720?
48
Calculate the greatest common divisor of 900 and 108864.
36
Calculate the greatest common factor of 6392 and 2350.
94
Calculate the highest common divisor of 589 and 247.
19
Calculate the greatest common factor of 108545 and 765.
85
Calculate the highest common factor of 810 and 75.
15
What is the highest common divisor of 32 and 1511280?
16
Calculate the highest common divisor of 9180 and 216.
108
What is the greatest common factor of 740 and 110?
10
What is the greatest common divisor of 13261 and 239443?
149
Calculate the highest common divisor of 643 and 1543843.
643
Calculate the greatest common factor of 4810 and 325.
65
Calculate the greatest common divisor of 255949 and 57.
19
What is the greatest common factor of 43025 and 2525?
25
Calculate the greatest common factor of 55 and 4930750.
55
Calculate the highest common divisor of 35 and 454055.
35
What is the highest common divisor of 20340 and 1500?
60
What is the highest common factor of 57052 and 68?
68
What is the greatest common divisor of 972 and 28026?
162
Calculate the greatest common factor of 3740 and 163460.
220
What is the highest common divisor of 658 and 73978?
94
What is the highest common divisor of 11118 and 8993?
17
What is the highest common divisor of 430 and 180385?
215
What is the highest common divisor of 822459 and 429?
33
What is the greatest common divisor of 32439 and 528?
33
Calculate the greatest common divisor of 128 and 190928.
16
Calculate the highest common divisor of 169459 and 194.
97
Calculate the greatest common divisor of 292 and 5256.
292
What is the greatest common divisor of 38 and 622250?
38
What is the highest common divisor of 260 and 59852?
52
What is the greatest common factor of 166611 and 395?
79
What is the greatest common divisor of 496 and 18432?
16
What is the greatest common divisor of 33657 and 663?
39
Calculate the greatest common factor of 1344664 and 4.
4
What is the highest common divisor of 76845 and 45?
15
What is the greatest common divisor of 1562668 and 4540?
908
What is the greatest common divisor of 1418 and 5685471?
709
Calculate the greatest common divisor of 1535 and 19648.
307
Calculate the highest common divisor of 5 and 10889.
1
What is the greatest common factor of 17131 and 19909?
463
What is the greatest common factor of 580197 and 111?
111
What is the greatest common divisor of 3343865 and 175?
35
Calculate the highest common divisor of 30272 and 256.
64
Calculate the greatest common factor of 886996 and 2090.
418
Calculate the great